 what is 13 + -334212123?
-334212110
In base 6, what is 121 - -1512534?
1513055
In base 14, what is -2 - 1c371a3?
-1c371a5
In base 10, what is -283 - -3327?
3044
In base 14, what is -4a4 + 6599?
60d5
In base 10, what is -2 + 10633467?
10633465
In base 15, what is -1654 - -e6c0?
d06b
In base 6, what is -550114030 - -41?
-550113545
In base 3, what is 201201021 - 12220122?
111210122
In base 2, what is 1000101111011110111101 - 1010?
1000101111011110110011
In base 11, what is 39a90994 + 0?
39a90994
In base 9, what is 3130 + 25537?
28667
In base 6, what is 240322032520 - -2?
240322032522
In base 2, what is -1110111011 - -1001110010?
-101001001
In base 12, what is -69 - 637aa?
-63857
In base 15, what is -10626d66 - 0?
-10626d66
In base 15, what is 15e - 889d?
-873e
In base 8, what is 1 + 41565055?
41565056
In base 6, what is -101 - 302213222?
-302213323
In base 5, what is -4223004133 - -1?
-4223004132
In base 15, what is 3 + 75b4ca1?
75b4ca4
In base 14, what is 2 - 2c28c25?
-2c28c23
In base 7, what is 2214114033 - 4?
2214114026
In base 7, what is -435235 - 31?
-435266
In base 16, what is -2 - 689939?
-68993b
In base 8, what is 17 - 1505557?
-1505540
In base 7, what is 1063 + 632553?
633646
In base 11, what is a656a - 2032?
a4538
In base 10, what is 12179 + 3153?
15332
In base 6, what is 3025105 - 3225?
3021440
In base 8, what is -1461750 + 21?
-1461727
In base 5, what is -1130303212 + 23?
-1130303134
In base 5, what is -112331 - -2022?
-110304
In base 14, what is 11 + 221d97?
221da8
In base 5, what is -11222444434 - 10?
-11222444444
In base 9, what is -2174687 - -8?
-2174678
In base 15, what is 361d07 - 0?
361d07
In base 3, what is 100202121011010222 + -10?
100202121011010212
In base 16, what is -309038 - 3?
-30903b
In base 5, what is -2 - -341443122411?
341443122404
In base 4, what is 200 + 201212322?
201213122
In base 16, what is -a38 - -219f?
1767
In base 12, what is -739a71 + -199?
-73a04a
In base 11, what is 267 + 19988?
1a144
In base 14, what is -689175cc - -2?
-689175ca
In base 10, what is -1 + 126670882?
126670881
In base 3, what is -2 - -1000210010021200?
1000210010021121
In base 13, what is -79ba4 - b0?
-79c84
In base 7, what is 103202105 - -2?
103202110
In base 13, what is 9923b + 76?
992b4
In base 10, what is -1300 + -35029?
-36329
In base 13, what is c2 - -266c8?
267ba
In base 8, what is 2161 + -7722?
-5541
In base 4, what is -310100 - 3123330?
-10100030
In base 3, what is -2200 + -1101022?
-1110222
In base 10, what is -242935 + 11?
-242924
In base 3, what is 11210211 - -1000010020?
1011221001
In base 16, what is 3b80c + -6?
3b806
In base 3, what is -10 + 10112120102101?
10112120102021
In base 11, what is 3462 - 6a5a?
-35a8
In base 2, what is -1001 - -11010111000000100101?
11010111000000011100
In base 2, what is -1001010000101001010 - 110000011?
-1001010001011001101
In base 15, what is 3 - -a39a1?
a39a4
In base 4, what is 123 + -3022002300?
-3022002111
In base 14, what is -6d - -4abdb7?
4abd48
In base 2, what is -1101111100011 + 1110100000?
-1100001000011
In base 8, what is 214703651 - -15?
214703666
In base 13, what is 212 - 1813a?
-17c28
In base 10, what is 9 + -13525?
-13516
In base 6, what is 502 + -515032?
-514130
In base 3, what is -1000121 + -1012102012212?
-1012110020110
In base 16, what is -343277 - -f?
-343268
In base 12, what is 912845 - 1?
912844
In base 13, what is -1a2 + 1660?
148b
In base 10, what is 1600 - -9174?
10774
In base 5, what is -312403 + 411121?
43213
In base 2, what is 10101110101010 - 100010111?
10101010010011
In base 16, what is 2d8891 - 3?
2d888e
In base 3, what is 10010121 + -2120222202?
-2110212011
In base 3, what is -1 - -101220210010021222?
101220210010021221
In base 5, what is 143422 - -1421021?
2114443
In base 3, what is -111020020 + 12222?
-111000021
In base 8, what is 6574437 + 2?
6574441
In base 9, what is -22 + -37410850?
-37410872
In base 11, what is 5498 - 5176?
322
In base 13, what is 6b57ca8 + -8?
6b57ca0
In base 7, what is -3 - 123134133?
-123134136
In base 12, what is -53 + 1426904?
1426871
In base 7, what is 232644 + -40260?
162354
In base 9, what is 325 + -113658?
-113333
In base 4, what is -1222 - 12002031?
-12003313
In base 8, what is 4 - -1230565503?
1230565507
In base 4, what is -211230223020 + -1?
-211230223021
In base 15, what is -e1 - -18361?
18270
In base 14, what is 24d - 266d8?
-26489
In base 4, what is 2121233131 + 1312?
2121301103
In base 13, what is -13 - 54b9b9?
-54b9cc
In base 4, what is -1003303 - 33232222?
-100302131
In base 5, what is 24414 - 230124?
-200210
In base 5, what is -3 - 30234023311?
-30234023314
In base 3, what is 120022122222 - 2000?
120022120222
In base 12, what is 51776ab + 2?
51776b1
In base 6, what is 2 - 1213540012?
-1213540010
In base 5, what is 0 - -13421121?
13421121
In base 15, what is 25a73b5 - 0?
25a73b5
In base 8, what is -21243 + -360153?
-401416
In base 16, what is -5 + 1523e3?
1523de
In base 8, what is 3475164 - 646?
3474316
In base 2, what is 101001010001011 + -1110101?
101001000010110
In base 5, what is -324422 - -44002?
-230420
In base 11, what is -10a7528 + 271?
-10a7267
In base 10, what is 64 + -575356?
-575292
In base 2, what is -1010111100000010001100001101 - -10?
-1010111100000010001100001011
In base 12, what is 2 - -2bb33735?
2bb33737
In base 12, what is 2142b11 - 2?
2142b0b
In base 15, what is -b0ed + -308?
-b406
In base 14, what is 8a53897d + 4?
8a538983
In base 16, what is 266489 - -7e?
266507
In base 2, what is 11010000011 + -10000100101?
1001011110
In base 16, what is 3a - 13aee?
-13ab4
In base 8, what is -5 - 2452335?
-2452342
In base 12, what is 1819245 - 34?
1819211
In base 15, what is -4b68e + -1ba?
-4b859
In base 12, what is -6 - 1017a41a?
-1017a424
In base 3, what is 21100 - 120122211?
-120101111
In base 15, what is 289 + 40d98?
41132
In base 12, what is 2746 - 3283?
-739
In base 13, what is 27779c8c + -4?
27779c88
In base 6, what is -2 + -13112554?
-13113000
In base 11, what is 1047038 + -5?
1047033
In base 16, what is -317 - -7717e?
76e67
In base 3, what is -2212021222202 - 10222?
-2212022010201
In base 11, what is 272 - -2437067?
2437329
In base 14, what is -13a668 - -3d4?
-13a274
In base 5, what is 11323302 - -21032?
11344334
In base 6, what is -14040332021 + 5?
-14040332012
In base 11, what is 241a1 + -269?
23a33
In base 9, what is -11512 + 131?
-11371
In base 11, what is -63581 - -240?
-63341
In base 3, what is 2011201020112020 - -10?
2011201020112100
In base 9, what is -6654 + 2858?
-3685
In base 12, what is 21187a + -46?
211834
In base 14, what is d - -1c4212?
1c4221
In base 16, what is 1191a + -3c6?
11554
In base 11, what is -1 - -465a0502?
465a0501
In base 5, what is -2022431221 + 0?
-2022431221
In base 7, what is -143232 - -324?
-142605
In base 9, what is 77060 - 172?
76777
In base 3, what is 12 - 110110201021022?
-110110201021010
In base 2, what is 10001 + -11011010001101?
-11011001111100
In base 5, what is 102222430 - 114?
102222311
In base 3, what is -11 + -102002111011020020?
-102002111011020101
In base 15, what is 4 + -283329b?
-2833297
In base 5, what is 414121 - -303014?
1222140
In base 5, what is 110 - 3113022?
-3112412
In base 10, what is 587969 + 966?
588935
In base 12, what is 2 - 185066?
-185064
In base 12, what is 7b8 + 29890?
2a488
In base 5, what is -1134002310 - 10?
-1134002320
In base 9, what is 66 - -505776?
505853
In base 8, what is -7 - 433540?
-433547
In base 14, what is -1 + 469c8b?
469c8a
In base 3, what is 12 + 1221221112110001?
1221221112110020
In base 13, what is -42240 - 22c6?
-44536
In base 7, what is -254122306 - 0?
-254122306
In base 3, what is -11000 - -21111002022000?
21111002011000
In base 3, what is -21202 + 2202200110?
2202101201
In base 13, what is a + 47209?
47216
In base 5, what is -23 - -100301100?
100301022
In base 8, what is -4054 - 25566?
-31642
In base 15, what is -10b21 - -1968?
-e1a8
In base 12, what is 3 + 7b4606b?
7b46072
In base 10, what is -55889286 - 5?
-55889291
In base 11, what is 61 + 528a40?
528aa1
In base 11, what is 10a46a748 - -5?
10a46a752
In base 7, what is 2551503 + -1246?
2550224
In base 15, what is -a + dde99e?
dde994
In base 3, what is -20 - -10012021211020011?
10012021211012221
In base 13, what is 29c11b30 - -3?
29c11b33
In base 13, what is a4705 